et q = -121 - -72. Let f be q/(-126)*-2 - (-2)/(-9). Let r = 30 + f. What is the remainder when r is divided by 17?
12
Suppose -26*c - 45 - 163 = 0. Calculate the remainder when (-6)/c*((-1317)/(-9) + -1) is divided by 14.
11
Suppose -9*s + 202 = -680. Let f = s - 94. Suppose 7*p + i = 2*p + 64, 0 = 4*p + 2*i - 56. What is the remainder when p is divided by f?
0
Suppose -4*j - 45 = -173. Calculate the remainder when (-67)/(-1072) + (-1 - 3) + (-9035)/(-80) is divided by j.
13
Let c = 1797 + -1778. What is the remainder when 703 is divided by c?
0
Suppose 3*s + w - 3 = s, -w = -4*s + 15. Let y be (-44)/66 - s/(18/(-40)). Suppose y*u - 83 = -5. Calculate the remainder when 193 is divided by u.
11
Let c = 82 + -78. Suppose c*r + 4*i - 12 = 0, -5*r + i + 1 = -8. Suppose -r*t + 56 = -404. Calculate the remainder when t is divided by 58.
56
Suppose -4*m = -3*m - 4. Let t be 5/m - 11/44. What is the remainder when 74 is divided by -6*(t/(-4) + 306/(-72))?
20
Suppose -n + 6*t - t = -51, 2*t = n - 36. Let g(l) = l**2 + 15*l + 35. Let s be g(-14). Let k = s + -12. What is the remainder when n is divided by k?
8
Let n = 11 - 2. Suppose -11*y + 16*y - 3*k = -300, 0 = -2*y + 2*k - 124. Let c = y + 137. What is the remainder when c is divided by n?
8
Suppose 4*a - 3340 = t, -a = -4*t - 996 + 146. Calculate the remainder when a is divided by 109.
71
Let u(x) = -917*x - 17380. Calculate the remainder when u(-25) is divided by 132.
1
Let j = 262 + -179. Let t = j + -50. Suppose 0 = 16*c - 13*c - t. Calculate the remainder when 20 is divided by c.
9
Let f(j) = j**2 + 30*j - 124. Let y be f(-36). Suppose p + v = 65, v - 97 = -3*p + y. Calculate the remainder when p is divided by 22.
18
Suppose -8*o + 2*o + 170 = -4*o. Calculate the remainder when 694 is divided by o.
14
Suppose 2*w = -20*a + 19*a + 74, -37 = -w - 2*a. What is the remainder when w is divided by 6?
1
Let q(s) = s**3 - 6*s**2 - 11*s + 137. What is the remainder when 148 is divided by q(6)?
6
Let q = 169 + -131. Let m = -298 - -426. What is the remainder when m is divided by q?
14
Suppose 204 = -o + 622. Let y(g) = 23*g - 1442. Calculate the remainder when o is divided by y(64).
28
Calculate the remainder when (3*47)/(((-60)/(-376))/5) is divided by 201.
197
Let a = -165 - -76. Let r = a + 127. What is the remainder when r is divided by 22?
16
Suppose 0 = -4*l + 20, 0*f - 3*l = -5*f + 1145. What is the remainder when 32 is divided by (-1)/7 + f/56 + 7?
10
Let x(o) = 10*o**3 - 2*o**2 + o. Let g be 2 + -2 - 0 - 190. Let i = -186 - g. What is the remainder when x(1) is divided by i?
1
Let g = -184 - -206. Calculate the remainder when 2324/9 - g/99 is divided by 37.
36
Let n be (-4)/10*1 - 20/(-50). Suppose -4*u + 4*i + 17 = u, n = -4*u + 3*i + 14. Calculate the remainder when 14 is divided by u.
4
Let k(f) = -f**2 + 5*f + 12. Let v be k(7). Let d be v/3*((-369)/2)/3. Let n = d - 38. Calculate the remainder when n is divided by 1.
0
Let m = 1040 + -872. What is the remainder when 503 is divided by m?
167
Suppose -61*z + 48*z = -546. Calculate the remainder when 853 is divided by z.
13
Suppose 0 = -58*o + 22260 + 26692. Calculate the remainder when o is divided by 184.
108
Suppose 0 = 10*z - 3105 - 3445. Calculate the remainder when 1976 is divided by z.
11
Let b = -8 + 15. Let g(p) = 2*p - 21. Let a be g(13). Suppose -3*x - 5 + 30 = -a*q, x - 4*q - 13 = 0. Calculate the remainder when b is divided by x.
2
Let a(c) = c**3 + 6*c**2 + 5*c - 3. Suppose -q + l - 8 = 0, -4*l - 31 = 6*q - 3*q. Let o(h) = -7*h + 5. Calculate the remainder when o(q) is divided by a(-4).
5
Let i = -768 + 802. Let u be (-601)/(-2) + 2/(-4). Suppose 3*l + 0*l = u. What is the remainder when l is divided by i?
32
Let h = 7822 + -7595. Calculate the remainder when h is divided by 32.
3
Let u = -13 - -105. Let f = -12 + 15. Suppose 16 = 4*v, -f*d + 3*v = -8*d + u. Calculate the remainder when 58 is divided by d.
10
Let b = -11718 - -11785. Calculate the remainder when b is divided by 55.
12
Let k = -52 - -24. Let d be 22/4 + 14/k. Suppose -d*v = -6*v + 24. Calculate the remainder when 70 is divided by v.
22
Let k(n) = -n**3 + n**2 - n + 5. Let x be k(4). Suppose 0 = -7*q + 46 + 423. Let o = x + q. Calculate the remainder when 97 is divided by o.
17
Let v(b) = 700*b + 34375. Let c(o) = 92*o**2 - o - 1. Calculate the remainder when c(-2) is divided by v(-49).
69
Let s(f) = f**3 - 24*f**2 - f + 9. Let z be s(24). Let h = z - -163. Calculate the remainder when h is divided by 46.
10
Let h(p) = 71*p - 396. Calculate the remainder when 2154 is divided by h(6).
24
Suppose -10*z = -7*z - 828. Suppose 0 = -8*n - 12 + z. Let k = n - 2. Calculate the remainder when 247 is divided by k.
30
Let m be 4/(-3) + (44/12)/11. What is the remainder when ((-18)/4)/(-3)*10 is divided by 48/18*(9/(-6))/m?
3
Suppose -241*p + 56360 = -757. Let k = 18 - -16. What is the remainder when p is divided by k?
33
Suppose -49*d - 9*d + 9876 = -75558. What is the remainder when d is divided by 486?
15
Let m = -3456 + 3526. What is the remainder when 622 is divided by m?
62
Suppose 0 = 2*k - 6*k. Suppose k*c - 5*c = -20. Suppose 0 = w + 3, -c*m + 0*w + 3*w + 425 = 0. What is the remainder when m is divided by 18?
14
Let x = -98 + 154. What is the remainder when 2124 is divided by x?
52
Suppose -20*f + 300 = -320. Let t(y) = 3*y - 86. Calculate the remainder when 60 is divided by t(f).
4
Calculate the remainder when (0 + -2)*((-3 - (169 + 3)) + -3) is divided by 231.
125
Calculate the remainder when 1910 is divided by (-1 - 113/3)*(624/32 + -21).
54
Let w be (-2)/3 - 2*472/24. Let q be (-4)/((-32)/w - 6/5). Suppose 14 = 2*z - 5*x, 2*x - 2 = z - q. What is the remainder when z is divided by 11?
1
Suppose -23*t + 237 + 154 = 0. Suppose 119 = 2*b + m, 0 = 5*b + m - 0*m - 293. Calculate the remainder when b is divided by t.
7
Let r = 107 + -107. Calculate the remainder when ((4 - (-189)/(-12)) + r)*-4 is divided by 24.
23
Calculate the remainder when ((3 - 5) + 1)*(1 - 1) - -471 is divided by 40.
31
Let l(x) = -2*x**2 - 9*x - 14. Suppose 0 = 4*j - o + 32 - 8, -4*j - 3*o - 24 = 0. Let f be l(j). Let n = 36 + f. What is the remainder when 14 is divided by n?
2
Suppose 7*n + 1353 = 114. Let t = 180 + n. Calculate the remainder when 3 is divided by t.
0
Let p = -60 + 59. Let y be (-30)/(-20) - p/(-2). Let r = 3 - y. What is the remainder when 13 is divided by r?
1
Let l(g) be the second derivative of -g**4/12 - 13*g**3/6 + g**2/2 - 2*g - 9. Let f be (2/(-4))/(7/112). What is the remainder when l(f) is divided by 11?
8
Suppose 5*p + 0*q = -3*q - 14, 4*q = -2*p. What is the remainder when 53 is divided by p/14 + (-7420)/(-245)?
23
Let n be 1/(-4) + (-665)/(-20). Let y = n + -30. Suppose -y*w = j - 138, 0*j = 5*j + 2*w - 755. What is the remainder when j is divided by 22?
21
Let o = -38 - -72. Let g = -27 + o. Suppose 4*a - 108 = -0*a. What is the remainder when a is divided by g?
6
Suppose 392 + 118 = 17*p. What is the remainder when 499 is divided by p?
19
Let f(c) = -c**3 + 38*c**2 - 323*c + 26. Calculate the remainder when f(24) is divided by 31.
28
Suppose 12572 + 19300 + 7508 = 110*d. What is the remainder when 4282 is divided by d?
344
Let a(j) = 3*j**2 + 12*j - 29. Calculate the remainder when 578 is divided by a(-6).
4
Let i(z) = -z**2 - 8*z - 6. Let g be i(-5). Let t = g + 6. Suppose p = 90 - t. Calculate the remainder when p is divided by 19.
18
Let y be (8/(-3))/2 + (-2033)/(-321). Suppose -y*o + 4*m = 8*m - 1153, 693 = 3*o + 2*m. Calculate the remainder when o is divided by 13.
12
Let a(o) = -685*o - 4758. Calculate the remainder when 51 is divided by a(-7).
14
Suppose 0 = -33*k - 66*k - 49*k + 2368. What is the remainder when 7517 is divided by k?
13
Suppose 0 = -79*l + 7228 + 4464. Calculate the remainder when 588 is divided by l.
144
Let j(i) = -2*i**3 + i**2 + 3*i - 3. Suppose 474 = -60*q + 6174. What is the remainder when q is divided by j(-2)?
7
Let c = -533 - -834. Calculate the remainder when c is divided by 19.
16
Let v(m) = -m**2 + 22*m + 163. Let n = -22 - -40. Calculate the remainder when v(n) is divided by 35.
25
Let w(q) = -q**3 - 12*q**2 - 8*q + 15. Let l(b) = -b**2 - b + 1. Let n(v) = -6*l(v) + w(v). Calculate the remainder when n(-6) is divided by